{"id":326,"date":"2026-03-19T17:46:09","date_gmt":"2026-03-19T16:46:09","guid":{"rendered":"http:\/\/157.90.166.158\/?page_id=326"},"modified":"2026-03-19T21:48:11","modified_gmt":"2026-03-19T20:48:11","slug":"ueber-uns","status":"publish","type":"page","link":"https:\/\/www.waffenhandel-walch.de\/ueber-uns\/","title":{"rendered":"\u00dcber uns"},"content":{"rendered":"\n<section class=\"tactical-about-section\">\n    <div class=\"about-container\">\n        \n        <header class=\"about-header\">\n            <div class=\"item-meta\">\n                <span class=\"item-number\">\/\/ Portrait<\/span>\n                <span class=\"item-category\">Erfahrung, Vertrauen &#038; Leidenschaft<\/span>\n            <\/div>\n            <h1>\u00dcber Uns<\/h1>\n        <\/header>\n\n        <div class=\"about-row owner-profile\">\n            <div class=\"about-image-wrapper glow-effect\">\n                <img decoding=\"async\" src=\"\/wp-content\/uploads\/2026\/03\/Karl-Walch-Waffenhandel-Eging-am-See.jpg\" alt=\"Inhaber Waffenhandel Walch\" class=\"about-image\">\n            <\/div>\n            <div class=\"about-text-content\">\n                <h3>Ihre W\u00fcnsche im Fokus<\/h3>\n                <p>Hinter Waffenhandel Walch steht Karl Walch \u2013 Ihr zuverl\u00e4ssiger Partner f\u00fcr den An- und Verkauf hochwertiger Jagd-, Sport- und Sammlerwaffen in Niederbayern. Mein Ziel ist es, Ihnen nicht nur eine Waffe zu verkaufen, sondern eine L\u00f6sung zu bieten, die in Sachen Pr\u00e4zision, Sicherheit und Historie Ihren Anspr\u00fcchen gerecht wird.<\/p>\n            <\/div>\n        <\/div>\n    <\/div>\n<\/section>\n\n\n\n<p><\/p>\n","protected":false},"excerpt":{"rendered":"<p>\/\/ Portrait Erfahrung, Vertrauen &#038; Leidenschaft \u00dcber Uns Ihre W\u00fcnsche im Fokus Hinter Waffenhandel Walch steht Karl Walch \u2013 Ihr [&hellip;]<\/p>\n","protected":false},"author":1,"featured_media":0,"parent":0,"menu_order":0,"comment_status":"closed","ping_status":"closed","template":"","meta":{"site-sidebar-layout":"default","site-content-layout":"","ast-site-content-layout":"default","site-content-style":"default","site-sidebar-style":"default","ast-global-header-display":"","ast-banner-title-visibility":"","ast-main-header-display":"","ast-hfb-above-header-display":"","ast-hfb-below-header-display":"","ast-hfb-mobile-header-display":"","site-post-title":"disabled","ast-breadcrumbs-content":"","ast-featured-img":"","footer-sml-layout":"","ast-disable-related-posts":"","theme-transparent-header-meta":"","adv-header-id-meta":"","stick-header-meta":"","header-above-stick-meta":"","header-main-stick-meta":"","header-below-stick-meta":"","astra-migrate-meta-layouts":"default","ast-page-background-enabled":"default","ast-page-background-meta":{"desktop":{"background-color":"var(--ast-global-color-5)","background-image":"","background-repeat":"repeat","background-position":"center center","background-size":"auto","background-attachment":"scroll","background-type":"","background-media":"","overlay-type":"","overlay-color":"","overlay-opacity":"","overlay-gradient":""},"tablet":{"background-color":"","background-image":"","background-repeat":"repeat","background-position":"center center","background-size":"auto","background-attachment":"scroll","background-type":"","background-media":"","overlay-type":"","overlay-color":"","overlay-opacity":"","overlay-gradient":""},"mobile":{"background-color":"","background-image":"","background-repeat":"repeat","background-position":"center center","background-size":"auto","background-attachment":"scroll","background-type":"","background-media":"","overlay-type":"","overlay-color":"","overlay-opacity":"","overlay-gradient":""}},"ast-content-background-meta":{"desktop":{"background-color":"var(--ast-global-color-4)","background-image":"","background-repeat":"repeat","background-position":"center center","background-size":"auto","background-attachment":"scroll","background-type":"","background-media":"","overlay-type":"","overlay-color":"","overlay-opacity":"","overlay-gradient":""},"tablet":{"background-color":"var(--ast-global-color-4)","background-image":"","background-repeat":"repeat","background-position":"center center","background-size":"auto","background-attachment":"scroll","background-type":"","background-media":"","overlay-type":"","overlay-color":"","overlay-opacity":"","overlay-gradient":""},"mobile":{"background-color":"var(--ast-global-color-4)","background-image":"","background-repeat":"repeat","background-position":"center center","background-size":"auto","background-attachment":"scroll","background-type":"","background-media":"","overlay-type":"","overlay-color":"","overlay-opacity":"","overlay-gradient":""}},"footnotes":""},"class_list":["post-326","page","type-page","status-publish","hentry"],"yoast_head":"<!-- This site is optimized with the Yoast SEO plugin v27.6 - https:\/\/yoast.com\/product\/yoast-seo-wordpress\/ -->\n<title>\u00dcber uns -<\/title>\n<meta name=\"robots\" content=\"index, follow, max-snippet:-1, max-image-preview:large, max-video-preview:-1\" \/>\n<link rel=\"canonical\" href=\"https:\/\/www.waffenhandel-walch.de\/ueber-uns\/\" \/>\n<meta property=\"og:locale\" content=\"de_DE\" \/>\n<meta property=\"og:type\" content=\"article\" \/>\n<meta property=\"og:title\" content=\"\u00dcber uns -\" \/>\n<meta property=\"og:description\" content=\"\/\/ Portrait Erfahrung, Vertrauen &#038; Leidenschaft \u00dcber Uns Ihre W\u00fcnsche im Fokus Hinter Waffenhandel Walch steht Karl Walch \u2013 Ihr [&hellip;]\" \/>\n<meta property=\"og:url\" content=\"https:\/\/www.waffenhandel-walch.de\/ueber-uns\/\" \/>\n<meta property=\"article:modified_time\" content=\"2026-03-19T20:48:11+00:00\" \/>\n<meta name=\"twitter:card\" content=\"summary_large_image\" \/>\n<script type=\"application\/ld+json\" class=\"yoast-schema-graph\">{\"@context\":\"https:\\\/\\\/schema.org\",\"@graph\":[{\"@type\":\"WebPage\",\"@id\":\"https:\\\/\\\/www.waffenhandel-walch.de\\\/ueber-uns\\\/\",\"url\":\"https:\\\/\\\/www.waffenhandel-walch.de\\\/ueber-uns\\\/\",\"name\":\"\u00dcber uns -\",\"isPartOf\":{\"@id\":\"https:\\\/\\\/www.waffenhandel-walch.de\\\/#website\"},\"datePublished\":\"2026-03-19T16:46:09+00:00\",\"dateModified\":\"2026-03-19T20:48:11+00:00\",\"breadcrumb\":{\"@id\":\"https:\\\/\\\/www.waffenhandel-walch.de\\\/ueber-uns\\\/#breadcrumb\"},\"inLanguage\":\"de\",\"potentialAction\":[{\"@type\":\"ReadAction\",\"target\":[\"https:\\\/\\\/www.waffenhandel-walch.de\\\/ueber-uns\\\/\"]}]},{\"@type\":\"BreadcrumbList\",\"@id\":\"https:\\\/\\\/www.waffenhandel-walch.de\\\/ueber-uns\\\/#breadcrumb\",\"itemListElement\":[{\"@type\":\"ListItem\",\"position\":1,\"name\":\"Start\",\"item\":\"https:\\\/\\\/www.waffenhandel-walch.de\\\/\"},{\"@type\":\"ListItem\",\"position\":2,\"name\":\"\u00dcber uns\"}]},{\"@type\":\"WebSite\",\"@id\":\"https:\\\/\\\/www.waffenhandel-walch.de\\\/#website\",\"url\":\"https:\\\/\\\/www.waffenhandel-walch.de\\\/\",\"name\":\"Waffenhandel Walch\",\"description\":\"Waffenhandel Walch - Ihr H\u00e4ndler f\u00fcr Sport-, Jagd- und Sammlerwaffen\",\"publisher\":{\"@id\":\"https:\\\/\\\/www.waffenhandel-walch.de\\\/#organization\"},\"potentialAction\":[{\"@type\":\"SearchAction\",\"target\":{\"@type\":\"EntryPoint\",\"urlTemplate\":\"https:\\\/\\\/www.waffenhandel-walch.de\\\/?s={search_term_string}\"},\"query-input\":{\"@type\":\"PropertyValueSpecification\",\"valueRequired\":true,\"valueName\":\"search_term_string\"}}],\"inLanguage\":\"de\"},{\"@type\":\"Organization\",\"@id\":\"https:\\\/\\\/www.waffenhandel-walch.de\\\/#organization\",\"name\":\"Waffenhandel Walch Eging\",\"url\":\"https:\\\/\\\/www.waffenhandel-walch.de\\\/\",\"logo\":{\"@type\":\"ImageObject\",\"inLanguage\":\"de\",\"@id\":\"https:\\\/\\\/www.waffenhandel-walch.de\\\/#\\\/schema\\\/logo\\\/image\\\/\",\"url\":\"https:\\\/\\\/www.waffenhandel-walch.de\\\/wp-content\\\/uploads\\\/2026\\\/03\\\/cropped-cropped-waffenhandel-walch-logo.png\",\"contentUrl\":\"https:\\\/\\\/www.waffenhandel-walch.de\\\/wp-content\\\/uploads\\\/2026\\\/03\\\/cropped-cropped-waffenhandel-walch-logo.png\",\"width\":800,\"height\":171,\"caption\":\"Waffenhandel Walch Eging\"},\"image\":{\"@id\":\"https:\\\/\\\/www.waffenhandel-walch.de\\\/#\\\/schema\\\/logo\\\/image\\\/\"}}]}<\/script>\n<!-- \/ Yoast SEO plugin. -->","yoast_head_json":{"title":"\u00dcber uns -","robots":{"index":"index","follow":"follow","max-snippet":"max-snippet:-1","max-image-preview":"max-image-preview:large","max-video-preview":"max-video-preview:-1"},"canonical":"https:\/\/www.waffenhandel-walch.de\/ueber-uns\/","og_locale":"de_DE","og_type":"article","og_title":"\u00dcber uns -","og_description":"\/\/ Portrait Erfahrung, Vertrauen &#038; Leidenschaft \u00dcber Uns Ihre W\u00fcnsche im Fokus Hinter Waffenhandel Walch steht Karl Walch \u2013 Ihr [&hellip;]","og_url":"https:\/\/www.waffenhandel-walch.de\/ueber-uns\/","article_modified_time":"2026-03-19T20:48:11+00:00","twitter_card":"summary_large_image","schema":{"@context":"https:\/\/schema.org","@graph":[{"@type":"WebPage","@id":"https:\/\/www.waffenhandel-walch.de\/ueber-uns\/","url":"https:\/\/www.waffenhandel-walch.de\/ueber-uns\/","name":"\u00dcber uns -","isPartOf":{"@id":"https:\/\/www.waffenhandel-walch.de\/#website"},"datePublished":"2026-03-19T16:46:09+00:00","dateModified":"2026-03-19T20:48:11+00:00","breadcrumb":{"@id":"https:\/\/www.waffenhandel-walch.de\/ueber-uns\/#breadcrumb"},"inLanguage":"de","potentialAction":[{"@type":"ReadAction","target":["https:\/\/www.waffenhandel-walch.de\/ueber-uns\/"]}]},{"@type":"BreadcrumbList","@id":"https:\/\/www.waffenhandel-walch.de\/ueber-uns\/#breadcrumb","itemListElement":[{"@type":"ListItem","position":1,"name":"Start","item":"https:\/\/www.waffenhandel-walch.de\/"},{"@type":"ListItem","position":2,"name":"\u00dcber uns"}]},{"@type":"WebSite","@id":"https:\/\/www.waffenhandel-walch.de\/#website","url":"https:\/\/www.waffenhandel-walch.de\/","name":"Waffenhandel Walch","description":"Waffenhandel Walch - Ihr H\u00e4ndler f\u00fcr Sport-, Jagd- und Sammlerwaffen","publisher":{"@id":"https:\/\/www.waffenhandel-walch.de\/#organization"},"potentialAction":[{"@type":"SearchAction","target":{"@type":"EntryPoint","urlTemplate":"https:\/\/www.waffenhandel-walch.de\/?s={search_term_string}"},"query-input":{"@type":"PropertyValueSpecification","valueRequired":true,"valueName":"search_term_string"}}],"inLanguage":"de"},{"@type":"Organization","@id":"https:\/\/www.waffenhandel-walch.de\/#organization","name":"Waffenhandel Walch Eging","url":"https:\/\/www.waffenhandel-walch.de\/","logo":{"@type":"ImageObject","inLanguage":"de","@id":"https:\/\/www.waffenhandel-walch.de\/#\/schema\/logo\/image\/","url":"https:\/\/www.waffenhandel-walch.de\/wp-content\/uploads\/2026\/03\/cropped-cropped-waffenhandel-walch-logo.png","contentUrl":"https:\/\/www.waffenhandel-walch.de\/wp-content\/uploads\/2026\/03\/cropped-cropped-waffenhandel-walch-logo.png","width":800,"height":171,"caption":"Waffenhandel Walch Eging"},"image":{"@id":"https:\/\/www.waffenhandel-walch.de\/#\/schema\/logo\/image\/"}}]}},"_links":{"self":[{"href":"https:\/\/www.waffenhandel-walch.de\/index.php\/wp-json\/wp\/v2\/pages\/326","targetHints":{"allow":["GET"]}}],"collection":[{"href":"https:\/\/www.waffenhandel-walch.de\/index.php\/wp-json\/wp\/v2\/pages"}],"about":[{"href":"https:\/\/www.waffenhandel-walch.de\/index.php\/wp-json\/wp\/v2\/types\/page"}],"author":[{"embeddable":true,"href":"https:\/\/www.waffenhandel-walch.de\/index.php\/wp-json\/wp\/v2\/users\/1"}],"replies":[{"embeddable":true,"href":"https:\/\/www.waffenhandel-walch.de\/index.php\/wp-json\/wp\/v2\/comments?post=326"}],"version-history":[{"count":10,"href":"https:\/\/www.waffenhandel-walch.de\/index.php\/wp-json\/wp\/v2\/pages\/326\/revisions"}],"predecessor-version":[{"id":543,"href":"https:\/\/www.waffenhandel-walch.de\/index.php\/wp-json\/wp\/v2\/pages\/326\/revisions\/543"}],"wp:attachment":[{"href":"https:\/\/www.waffenhandel-walch.de\/index.php\/wp-json\/wp\/v2\/media?parent=326"}],"curies":[{"name":"wp","href":"https:\/\/api.w.org\/{rel}","templated":true}]}}